t y be a(j). Determine f(y).
6
Let f(l) be the third derivative of -l**4/24 + 5*l**3/3 - 9*l**2 - 2. What is f(6)?
4
Let u(l) = -l**2 - 6*l - 9. Suppose 4*x - 2*x + 21 = -3*a, -34 = 5*a + 3*x. Let h(b) = -b - 2*b**2 - 18 - 5*b - 6*b. Let w(k) = a*u(k) + 3*h(k). What is w(-6)?
-9
Let q(v) = -1 + 4*v**2 - 2*v + 0 - 2*v. Suppose -2*h + 2*z = -2, 3*z + 8 = h - 3. Let f(k) = -5*k**2 + 5*k + 1. Let b(i) = h*q(i) - 3*f(i). Give b(-1).
-1
Let a = 29 + -26. Suppose -a*o + 8*o = 0. Suppose o*d - 2*d = 4. Let y(i) = -5*i - 3. Give y(d).
7
Let z(o) be the first derivative of -1 - 5/2*o**2 + 0*o - 1/24*o**4 + 1/6*o**3. Let a(g) be the second derivative of z(g). Calculate a(3).
-2
Suppose -2*x = x - h + 15, -2*x = -4*h. Let r(z) be the third derivative of -z**6/120 - 7*z**5/60 - z**4/4 + 2*z**3/3 - 13*z**2. Give r(x).
4
Suppose -n = -4*r - 4 - 6, 16 = -5*r + 3*n. Let k(w) = w**3 + 11*w**2 - 9*w - 2. Let o(j) = -2*j**3 - 12*j**2 + 10*j + 2. Let f(y) = r*o(y) - 3*k(y). Give f(8).
-6
Let k(j) be the third derivative of j**6/120 - j**5/10 - j**4/12 - 31*j**3/6 + 13*j**2. Let g be k(7). Let z(r) = r**2 - 4*r + 5. Determine z(g).
5
Let v(p) = -350*p - 9 + 351*p - 12. Calculate v(27).
6
Let l(n) = 10 - 18 + 10 + 2*n. Let i(b) = -4*b - 4. Let h(r) = 4*i(r) + 9*l(r). Suppose k + y - 11 = -4*k, k - 2*y = 0. Calculate h(k).
6
Let x(g) be the second derivative of -g**6/720 - g**5/20 + 17*g**4/12 + 7*g. Let q(o) be the third derivative of x(o). Give q(-7).
1
Let s(w) = 15*w**2 - 69*w - 69. Let r be s(-1). Let u(c) = c**2 - 14*c - 16. What is u(r)?
-1
Let w = 2 - 6. Let s(k) = 22*k**3 + 3*k**2 - 21*k + 16. Let x(b) = 17*b**3 + 2*b**2 - 16*b + 12. Let p(c) = 7*s(c) - 9*x(c). What is p(w)?
0
Suppose 4*y + 30 = 2*d - 0*y, 3*d - 2*y = 33. Suppose d*l - 5*l = 8. Suppose -6 = -2*k - 2*g, g - 13 = -5*k + l. Let u(z) = z + 3. Calculate u(k).
6
Let q(f) = 44*f - 14. Let i(l) = 20*l - 7. Let y(b) = -13*i(b) + 6*q(b). Determine y(-4).
-9
Let s(q) = 2*q + 10*q + 6*q + 2 - 12*q + 0*q. Calculate s(2).
14
Let w(m) = -m**2 - 3*m - 2. Let a(j) = j**2 + 3*j + 1. Let r(b) = -3*a(b) - 2*w(b). Let c be ((-2)/(-1))/((-5)/(-5) - 5/3). Calculate r(c).
1
Let i(v) = -v**3 - v**2 + 5*v + 2. Suppose -23 = 5*l - 83. Suppose 13*p + l = 9*p. Calculate i(p).
5
Let j(n) be the second derivative of -n**5/20 - 7*n**4/12 - n**3 + 3*n**2 - 3*n. Let m be j(-6). Let y(b) = -b**3 + 6*b**2 + 5*b - 9. Calculate y(m).
21
Suppose -4*y = -4*n - 16, 10*n = 7*n + 4*y - 16. Let r(u) = -2 + u + 3 + 3 - u**3. Give r(n).
4
Suppose -2*p = 5*n - 34, -3*p + n = -3 - 14. Let h(m) be the second derivative of m**4/12 - 2*m**3/3 - 4*m**2 - 251*m + 1. What is h(p)?
13
Let k be (2/(-3))/(-2)*0. Let x be (k/3)/(3 + -5). Suppose -2*t + 3*t - 4 = x. Let g(v) = -v**2 + 5*v. What is g(t)?
4
Suppose 2*l = 4*b + 16, 5*b + 0*b + 29 = -2*l. Let k(y) = -y**2 - 4*y. What is k(b)?
-5
Let d(m) be the third derivative of -m**6/120 - m**5/12 - m**4/24 + 7*m**3/6 + 33*m**2. Calculate d(-5).
12
Let j(a) = 4*a + a - 1 - 5*a + a**2 - 2*a. Give j(2).
-1
Let i(h) = h**2 - 3*h + 2. Let r(c) = c**2 + 3*c + 2. Let m be r(-5). Suppose 2*k - m = -k. Let d be i(k). Let s(v) = v**3 - 5*v**2 - 6*v - 3. What is s(d)?
-3
Let v(q) = q + 5. Suppose -2*x = 6 + 2. Let w(r) = r**3 + 3*r**2 + 2*r + 5. Let u be w(x). Let i = u - -13. Give v(i).
-1
Suppose -5*b + q = -15, -2*q + 2 = -0*b - 2*b. Suppose 5*i - b = 3*i. Let o(k) = 1 + 5*k + k**3 + k**2 + 0*k**3 + 0*k**i + 6*k**2. Determine o(-6).
7
Let g(f) = 0*f**2 + 4*f + 0*f**2 - f**2. Suppose 27*b - 22 = 32. Determine g(b).
4
Let l be ((-96)/8 - -3) + 3. Let h(g) = 5*g + 14. Calculate h(l).
-16
Let o(h) = 9*h**3 - 3*h**2 - 18*h + 1. Let x(g) = 5*g**3 - 2*g**2 - 10*g. Let m(w) = -4*o(w) + 7*x(w). Determine m(-3).
-1
Let q = 5 - -9. Let z = 65 - 46. Let l = z - q. Let j(m) = m**3 - 6*m**2 + 5*m - 1. Determine j(l).
-1
Suppose 68 = 4*v - r, 0 = 2*v - r + 1 - 35. Let m(b) = -4*b + 3*b + 12*b**2 - v*b**2. What is m(-1)?
-4
Suppose 5*g + 2*v - v = -22, g = -v - 6. Let n be (-2)/(3 + 3 + -4) + 13. Let h(o) = -o - 15 + 22 - n. What is h(g)?
-1
Let a(d) = 2*d + 1 + 3*d - 4*d + 7*d**2. Let j(r) = r + 4. Let w be j(4). Let y = w - 9. Determine a(y).
7
Suppose -2*i = 3*q + 34, 2*i + 25 + 1 = q. Let u(n) = n + 4. Give u(i).
-10
Let f(m) = -11*m**2 + 46*m + 29. Let p(j) = 4*j**2 - 17*j - 10. Let k(h) = 3*f(h) + 8*p(h). Determine k(-4).
-17
Let l(z) = -7*z**3 - 3*z**2 + 6*z - 9. Let p(x) = 4*x**3 + x**2 - 3*x + 4. Let i = 4 + -1. Let y(t) = i*l(t) + 5*p(t). Calculate y(-5).
3
Let r(n) = -n**3 - 3*n**2 + 4*n - 2. Let w = 17 - 9. Suppose -42*y + 40*y - w = 0. Determine r(y).
-2
Let a(q) = 2*q**3 + 5*q**2 + 6*q + 4. Let l(o) = o**3 + o**2. Let s(b) = a(b) - l(b). What is s(-4)?
-20
Let g be -4 + (2 + -3)/(1/(-2)). Let z(x) = x + 3*x + x. Give z(g).
-10
Let u(x) = -159 + 90 + x + 90. Calculate u(-16).
5
Let o(n) = 2 + 18 - 4*n + 5*n. Give o(0).
20
Let i(f) = f**3 - 11*f**2 - 25*f - 11. Let w be i(13). Let s(n) = 8*n**2 + n**3 - 3*n**w + 4 + 0*n**2. Determine s(-5).
4
Let x be (4 + 26/(-8))/((-27)/(-252)). Let n(h) = h**2 + 10 + 2*h**2 - 2*h**2 - 7*h. What is n(x)?
10
Let o = -54 + 58. Let v = 11 - o. Let g(t) = -t**3 + 8*t**2 - 8*t + 3. Determine g(v).
-4
Suppose 0 = -5*m - 4 - 16. Let i(p) be the first derivative of 5*p**2/2 + 5*p - 3. Give i(m).
-15
Suppose 5*t - 5*d = 50, t - 3*t = 5*d + 15. Let k(s) = 4*s**3 - 3*s**2 + 5*s - 1. Let p(z) = z**3 + z**2. Let g(x) = k(x) - 3*p(x). Calculate g(t).
-1
Let x be 3/(-1)*(2 - 1). Let r(p) be the third derivative of p**5/60 - p**2. Determine r(x).
9
Let f(p) = -5*p + 6. Let u be f(0). Let y(x) = x**3 - 5*x**2 - 4*x - 8. Give y(u).
4
Let a(v) = -v - 2. Suppose -31 = 3*f + 23. Let j be (f/(-10))/((-24)/(-80)). What is a(j)?
-8
Let r(g) = g**2 + g. Suppose l + 6 = 3*l. Suppose -2*x - 2*u + 3 = 21, 0 = 2*x - u + l. Give r(x).
12
Let x(f) = -f**2 + f - 32. Suppose 28*c = 24*c. Give x(c).
-32
Let y(j) be the third derivative of 0 + 0*j - 1/4*j**4 + 1/6*j**3 - 17*j**2. Let k be 0/1 + 1 + 0. What is y(k)?
-5
Let b be ((-60)/21)/(8/(-28)). Let j(c) = c**2 - 11*c + 12. What is j(b)?
2
Let n(i) = -12*i**3 + 2*i + 10 + 5*i**2 + 13*i**3 + 3*i. Let f(u) = -u**3 + u**2 + u. Let w(d) = -2*f(d) - n(d). Let m = 19 + -11. Calculate w(m).
-2
Let m(k) = 7*k + 15. Let v be 12/(-4) - (-32 - -32). What is m(v)?
-6
Let b(n) = -n**2 - n - 1. Let o(r) = -3*r**2 + 6*r - 5. Let h(l) = 4*b(l) - o(l). Suppose 12 = 3*g + 42. Let v be h(g). Let s(w) = -10*w + 1. Calculate s(v).
-9
Let n(x) = -7*x**3 + 5*x**2 - 2*x - 4. Let q(d) = 15*d**3 - 10*d**2 + 4*d + 9. Let t(j) = 13*n(j) + 6*q(j). Let r = 337 - 332. Determine t(r).
-8
Let x = 17 + -14. Suppose 4*u + 2 = -n, -15 = 2*n - 0*n - x*u. Let q(l) = -l**2 - 9*l - 7. Determine q(n).
11
Suppose 2*w = 3*y + 25, -w + 16 + 16 = 5*y. Suppose 5*i = -w - 3. Let k(x) = -3*x + 1. Determine k(i).
13
Let y(f) = -9*f**2 + 2*f + 6. Let s(w) = 2*w**2 + w - 1. Let d(t) = -5*s(t) - y(t). Give d(-6).
5
Suppose -42*o = -41*o - 12. Suppose -33*u - o = -39*u. Let a(w) = -w**3 - 2*w**2 + 2*w + 2. Give a(u).
-10
Suppose r + 6 = 5*z - 3*r, -3*z + 8 = 2*r. Let l(n) = 6 + 5 - z*n - 5. Let a be 10/(0 + -1 + 3). Give l(a).
-4
Let v be (18/(-4))/(8/(-16)) + -2. Let h(n) = 0*n**2 + 0*n**3 + n**3 - 6*n**2 - 6*n. Give h(v).
7
Let v = 68 - 66. Let w(y) = -5 + 4*y - 4*y + 3*y**3 - 4*y**3 + 7*y - 5*y**v. What is w(-6)?
-11
Let b = -5 + 7. Let p(g) be the first derivative of -g**4/24 + g**3/6 + 3*g**2/2 + 2. Let f(v) be the second derivative of p(v). What is f(b)?
-1
Let n(p) be the third derivative of p**4/24 - p**3/2 + 4*p**2. Suppose 3*a + v = 20, 0 = -5*a + 3*v + 2*v. Suppose d - 4 = -d, y - 4*d + a = 0. Calculate n(y).
0
Let y(i) = 7*i**2 - i. Let d be y(1). Suppose 3*b = d + 6. Suppose 12*r = 8*r + b. Let j(s) = 14*s**3 + s**2 + s - 1. Give j(r).
15
Suppose -3 - 3 = 3*f. Let m(g) be the third derivative of g**5/60 + g**3/3 - 147*g**2. Determine m(f).
6
Suppose 0 = 5*d + 2*g - 6 - 10, -2*d + 18 = -5*g. Suppose 0 = 2*l - d. Let b(a) = -8*a**2 - l*a + 2*a**2 - 2 + 3*a + a**3. Calculate b(6).
4
Let d(y) = y + 4. Let r(x) = 0 + 2 - 4. Let h(u) = -3*u - 37. Let n be h(-13). Let l(f) = n*d(f) + 5*r(f). What is l(-2)?
-6
Let d(u) be the second derivative of 9/2*u**2 + 1/20*u**5 + 4*u + 7/12*u**4 + 4/3*u**3 + 0